s the thousands digit of 8088911?
8
What is the ten thousands digit of 821378501?
7
What is the tens digit of 7821551353?
5
What is the tens digit of 11456098?
9
What is the millions digit of 1324397841?
4
What is the units digit of 573644631?
1
What is the thousands digit of 1837479626?
9
What is the tens digit of 8452181?
8
What is the billions digit of 5350265558?
5
What is the tens digit of 1951812291?
9
What is the ten thousands digit of 88241439?
4
What is the units digit of 2679346697?
7
What is the units digit of 39830200?
0
What is the hundred millions digit of 3275803541?
2
What is the units digit of 783485380?
0
What is the ten thousands digit of 54466388?
6
What is the millions digit of 19784252?
9
What is the hundred millions digit of 1431298034?
4
What is the tens digit of 7225283?
8
What is the millions digit of 599801835?
9
What is the hundreds digit of 477330329?
3
What is the units digit of 66342810?
0
What is the ten millions digit of 532852786?
3
What is the millions digit of 699239553?
9
What is the millions digit of 420993113?
0
What is the tens digit of 2113868941?
4
What is the tens digit of 35775030?
3
What is the ten thousands digit of 4261860?
6
What is the hundred thousands digit of 2050238741?
2
What is the ten millions digit of 1847288627?
4
What is the thousands digit of 1609943290?
3
What is the hundred thousands digit of 84601926?
6
What is the ten thousands digit of 361650?
6
What is the hundred thousands digit of 522969576?
9
What is the hundred thousands digit of 3057575617?
5
What is the millions digit of 59371715?
9
What is the hundred millions digit of 132001427?
1
What is the hundred thousands digit of 2516673870?
6
What is the millions digit of 6941855548?
1
What is the thousands digit of 1551766677?
6
What is the ten thousands digit of 111440206?
4
What is the ten millions digit of 25268731?
2
What is the hundreds digit of 469711196?
1
What is the tens digit of 53609855?
5
What is the ten millions digit of 48784733?
4
What is the ten millions digit of 64997187?
6
What is the ten millions digit of 30117229?
3
What is the ten millions digit of 2232615907?
3
What is the millions digit of 44398588?
4
What is the ten millions digit of 172688937?
7
What is the ten thousands digit of 75418719?
1
What is the ten millions digit of 42572499?
4
What is the thousands digit of 157658075?
8
What is the thousands digit of 49117954?
7
What is the hundred thousands digit of 3868241459?
2
What is the hundred millions digit of 1047684234?
0
What is the units digit of 293572901?
1
What is the hundreds digit of 426719476?
4
What is the hundred millions digit of 221431934?
2
What is the tens digit of 2279844471?
7
What is the hundred millions digit of 128614819?
1
What is the tens digit of 895711785?
8
What is the ten thousands digit of 169050423?
5
What is the billions digit of 1875119925?
1
What is the units digit of 1953200137?
7
What is the units digit of 23583332?
2
What is the ten thousands digit of 66660620?
6
What is the hundred millions digit of 1007203564?
0
What is the hundreds digit of 89584327?
3
What is the millions digit of 628340248?
8
What is the ten millions digit of 45102194?
4
What is the ten thousands digit of 2554073152?
7
What is the units digit of 497519908?
8
What is the millions digit of 2151130954?
1
What is the units digit of 126232015?
5
What is the units digit of 1514181266?
6
What is the tens digit of 84291328?
2
What is the units digit of 8038440?
0
What is the ten thousands digit of 1746068290?
6
What is the tens digit of 9685138?
3
What is the tens digit of 21251481?
8
What is the ten millions digit of 38701947?
3
What is the hundred thousands digit of 18867541?
8
What is the hundreds digit of 164630343?
3
What is the units digit of 535452367?
7
What is the units digit of 72163554?
4
What is the ten thousands digit of 3514113996?
1
What is the ten thousands digit of 52134957?
3
What is the ten millions digit of 89383169?
8
What is the millions digit of 40056039?
0
What is the thousands digit of 119221599?
1
What is the millions digit of 2928994037?
8
What is the hundreds digit of 451929581?
5
What is the millions digit of 658986162?
8
What is the units digit of 213344981?
1
What is the hundreds digit of 37484536?
5
What is the tens digit of 618753784?
8
What is the hundreds digit of 32092824?
8
What is the tens digit of 192161122?
2
What is the hundred thousands digit of 2530544879?
5
What is the ten thousands digit of 351525410?
2
What is the hundreds digit of 68252846?
8
What is the ten millions digit of 146724339?
4
What is the thousands digit of 416581821?
1
What is the ten millions digit of 65510757?
6
What is the hundred thousands digit of 52807951?
8
What is the hundred thousands digit of 274651594?
6
What is the hundred thousands digit of 8907617?
9
What is the ten thousands digit of 918385746?
8
What is the hundred thousands digit of 446564499?
5
What is the hundred millions digit of 277439175?
2
What is the hundreds digit of 1659594073?
0
What is the units digit of 1306058306?
6
What is the tens digit of 1356478326?
2
What is the ten millions digit of 421974387?
2
What is the millions digit of 4139202757?
9
What is the tens digit of 81378556?
5
What is the billions digit of 1041521026?
1
What is the ten thousands digit of 7559999105?
9
What is the thousands digit of 2147937944?
7
What is the thousands digit of 340108517?
8
What is the tens digit of 109544894?
9
What is the tens digit of 3549569316?
1
What is the ten thousands digit of 51613383?
1
What is the units digit of 1297600177?
7
What is the hundred thousands digit of 88483627?
4
What is the tens digit of 259059197?
9
What is the millions digit of 2796318020?
6
What is the hundred thousands digit of 3443051426?
0
What is the hundred thousands digit of 1779023107?
0
What is the hundred millions digit of 291584202?
2
What is the ten millions digit of 5379912060?
7
What is the ten millions digit of 19325732?
1
What is the units digit of 1311924995?
5
What is the tens digit of 124263194?
9
What is the millions digit of 24234551?
4
What is the billions digit of 3233789693?
3
What is the ten thousands digit of 11212980?
1
What is the units digit of 39783844?
4
What is the hundred millions digit of 3264216487?
2
What is the hundred millions digit of 301755711?
3
What is the millions digit of 26789188?
6
What is the hundreds digit of 296472291?
2
What is the ten thousands digit of 43710272?
1
What is the millions digit of 291111407?
1
What is the ten millions digit of 332497928?
3
What is the thousands digit of 18836673?
6
What is the hundred thousands digit of 903272072?
2
What is the units digit of 293652192?
2
What is the tens digit of 14929182?
8
What is the hundred thousands digit of 1971096838?
0
What is the thousands digit of 315371247?
1
What is the hundred millions digit of 2058559817?
0
What is the hundred thousands digit of 3484269797?
2
What is the hundred millions digit of 367218943?
3
What is the millions digit of 26993570?
6
What is the ten thousands digit of 103640329?
4
What is the hundred thousands digit of 13165810?
1
What is the ten millions digit of 376672022?
7
What is the thousands digit of 10062565?
2
What is the ten millions digit of 55784599?
5
What is the ten thousands digit of 2192507517?
0
What is the tens digit of 91692814?
1
What is the tens digit of 721499721?
2
What is the tens digit of 1721428123?
2
What is the ten thousands digit of 24564966?
6
What is the millions digit of 73522002?
3
What is the ten millions digit of 668695974?
6
What is the hundreds digit of 543214972?
9
What is the ten millions digit of 114999190?
1
What is the units digit of 9638841?
1
What is the ten thousands digit of 1162080382?
8
What is the hundred millions digit of 5731583493?
7
What is the tens digit of 96583992?
9
What is the hundred thousands digit of 379853092?
8
What is the tens digit of 13584951?
5
What is the hundred thousands digit of 2359510334?
5
What is the units digit of 30525946?
6
What is the ten millions digit of 141087670?
4
What is the tens digit of 533592599?
9
What is the hundreds digit of 151760444?
4
What is the hundred thousands digit of 5425857360?
8
What is the ten thousands digit of 8676839